{"id":688,"date":"2023-09-25T11:34:44","date_gmt":"2023-09-25T09:34:44","guid":{"rendered":"http:\/\/aspv-veules.fr\/wp-content\/uploads\/2023\/09\/2023-10-13-Aux-origines-du-secr\u00e9tariat-du-P\u00e8re-Noel-vf.jpg"},"modified":"2023-09-25T11:34:44","modified_gmt":"2023-09-25T09:34:44","slug":"2023-10-13-aux-origines-du-secretariat-du-pere-noel-vf","status":"inherit","type":"attachment","link":"https:\/\/aspv-veules.fr\/?attachment_id=688","title":{"rendered":"2023 10 13 Aux origines du secr\u00e9tariat du P\u00e8re Noel vf"},"author":1,"featured_media":0,"comment_status":"open","ping_status":"closed","template":"","meta":[],"description":{"rendered":"<p class=\"attachment\"><a href='https:\/\/aspv-veules.fr\/wp-content\/uploads\/2023\/09\/2023-10-13-Aux-origines-du-secr\u00e9tariat-du-P\u00e8re-Noel-vf.jpg'><img loading=\"lazy\" decoding=\"async\" width=\"212\" height=\"300\" src=\"https:\/\/aspv-veules.fr\/wp-content\/uploads\/2023\/09\/2023-10-13-Aux-origines-du-secr\u00e9tariat-du-P\u00e8re-Noel-vf-212x300.jpg\" class=\"attachment-medium size-medium\" alt=\"\" srcset=\"https:\/\/aspv-veules.fr\/wp-content\/uploads\/2023\/09\/2023-10-13-Aux-origines-du-secr\u00e9tariat-du-P\u00e8re-Noel-vf-212x300.jpg 212w, https:\/\/aspv-veules.fr\/wp-content\/uploads\/2023\/09\/2023-10-13-Aux-origines-du-secr\u00e9tariat-du-P\u00e8re-Noel-vf.jpg 452w\" sizes=\"100vw\" \/><\/a><\/p>\n"},"caption":{"rendered":""},"alt_text":"","media_type":"image","mime_type":"image\/jpeg","media_details":{"width":452,"height":640,"file":"2023\/09\/2023-10-13-Aux-origines-du-secr\u00e9tariat-du-P\u00e8re-Noel-vf.jpg","sizes":{"medium":{"file":"2023-10-13-Aux-origines-du-secr\u00e9tariat-du-P\u00e8re-Noel-vf-212x300.jpg","width":212,"height":300,"mime_type":"image\/jpeg","source_url":"https:\/\/aspv-veules.fr\/wp-content\/uploads\/2023\/09\/2023-10-13-Aux-origines-du-secr\u00e9tariat-du-P\u00e8re-Noel-vf-212x300.jpg"},"thumbnail":{"file":"2023-10-13-Aux-origines-du-secr\u00e9tariat-du-P\u00e8re-Noel-vf-150x150.jpg","width":150,"height":150,"mime_type":"image\/jpeg","source_url":"https:\/\/aspv-veules.fr\/wp-content\/uploads\/2023\/09\/2023-10-13-Aux-origines-du-secr\u00e9tariat-du-P\u00e8re-Noel-vf-150x150.jpg"},"twentyseventeen-thumbnail-avatar":{"file":"2023-10-13-Aux-origines-du-secr\u00e9tariat-du-P\u00e8re-Noel-vf-100x100.jpg","width":100,"height":100,"mime_type":"image\/jpeg","source_url":"https:\/\/aspv-veules.fr\/wp-content\/uploads\/2023\/09\/2023-10-13-Aux-origines-du-secr\u00e9tariat-du-P\u00e8re-Noel-vf-100x100.jpg"},"full":{"file":"2023-10-13-Aux-origines-du-secr\u00e9tariat-du-P\u00e8re-Noel-vf.jpg","width":452,"height":640,"mime_type":"image\/jpeg","source_url":"https:\/\/aspv-veules.fr\/wp-content\/uploads\/2023\/09\/2023-10-13-Aux-origines-du-secr\u00e9tariat-du-P\u00e8re-Noel-vf.jpg"}},"image_meta":{"aperture":"0","credit":"","camera":"","caption":"","created_timestamp":"0","copyright":"","focal_length":"0","iso":"0","shutter_speed":"0","title":"","orientation":"0","keywords":[]}},"post":1,"source_url":"https:\/\/aspv-veules.fr\/wp-content\/uploads\/2023\/09\/2023-10-13-Aux-origines-du-secr\u00e9tariat-du-P\u00e8re-Noel-vf.jpg","_links":{"self":[{"href":"https:\/\/aspv-veules.fr\/index.php?rest_route=\/wp\/v2\/media\/688"}],"collection":[{"href":"https:\/\/aspv-veules.fr\/index.php?rest_route=\/wp\/v2\/media"}],"about":[{"href":"https:\/\/aspv-veules.fr\/index.php?rest_route=\/wp\/v2\/types\/attachment"}],"author":[{"embeddable":true,"href":"https:\/\/aspv-veules.fr\/index.php?rest_route=\/wp\/v2\/users\/1"}],"replies":[{"embeddable":true,"href":"https:\/\/aspv-veules.fr\/index.php?rest_route=%2Fwp%2Fv2%2Fcomments&post=688"}]}}

http://aspv-veules.fr/wp-content/uploads/2023/09/2023-10-13-Aux-origines-du-secrétariat-du-Père-Noel-vf.jpg

2023 10 13 Aux origines du secrétariat du Père Noel vf

<p class="attachment"><a href='https://aspv-veules.fr/wp-content/uploads/2023/09/2023-10-13-Aux-origines-du-secrétariat-du-Père-Noel-vf.jpg'><img loading="lazy" decoding="async" width="212" height="300" src="https://aspv-veules.fr/wp-content/uploads/2023/09/2023-10-13-Aux-origines-du-secrétariat-du-Père-Noel-vf-212x300.jpg" class="attachment-medium size-medium" alt="" srcset="https://aspv-veules.fr/wp-content/uploads/2023/09/2023-10-13-Aux-origines-du-secrétariat-du-Père-Noel-vf-212x300.jpg 212w, https://aspv-veules.fr/wp-content/uploads/2023/09/2023-10-13-Aux-origines-du-secrétariat-du-Père-Noel-vf.jpg 452w" sizes="100vw" /></a></p>

2023/09/2023-10-13-Aux-origines-du-secrétariat-du-Père-Noel-vf.jpg

2023-10-13-Aux-origines-du-secrétariat-du-Père-Noel-vf-212x300.jpg

https://aspv-veules.fr/wp-content/uploads/2023/09/2023-10-13-Aux-origines-du-secrétariat-du-Père-Noel-vf-212x300.jpg

2023-10-13-Aux-origines-du-secrétariat-du-Père-Noel-vf-150x150.jpg

https://aspv-veules.fr/wp-content/uploads/2023/09/2023-10-13-Aux-origines-du-secrétariat-du-Père-Noel-vf-150x150.jpg

2023-10-13-Aux-origines-du-secrétariat-du-Père-Noel-vf-100x100.jpg

https://aspv-veules.fr/wp-content/uploads/2023/09/2023-10-13-Aux-origines-du-secrétariat-du-Père-Noel-vf-100x100.jpg

2023-10-13-Aux-origines-du-secrétariat-du-Père-Noel-vf.jpg

https://aspv-veules.fr/wp-content/uploads/2023/09/2023-10-13-Aux-origines-du-secrétariat-du-Père-Noel-vf.jpg
