{"id":237,"date":"2023-11-11T08:20:00","date_gmt":"2023-11-11T07:20:00","guid":{"rendered":"http:\/\/aspv-veules.fr\/?page_id=237"},"modified":"2024-11-16T16:31:30","modified_gmt":"2024-11-16T15:31:30","slug":"mentions-legales","status":"publish","type":"page","link":"https:\/\/aspv-veules.fr\/?page_id=237","title":{"rendered":"Mentions l\u00e9gales"},"content":{"rendered":"<h1>Ce site est celui de l&#8217;association <strong>A.S.P.V. (Association Pour la Sauvegarde du Patrimoine Veulais)<\/strong><\/h1>\n<h1>Association agr\u00e9e pour l&#8217;urbanisme par d\u00e9cision pr\u00e9fectorale du 15 juin 2007<\/h1>\n<h1><strong>Notre si\u00e8ge social<\/strong> est domicili\u00e9 Mairie de Veules les Roses, 7 rue du Dr. Michel 76980 VEULES les ROSES<\/h1>\n<h1>Notre <strong>adresse postale<\/strong> est : 10, R\u00e9sidence du Val 76980 VEULES les ROSES<\/h1>\n<h1><strong>Responsable de publication<\/strong> :\u00a0 Thibault DELORME, pr\u00e9sident<\/h1>\n<h1><strong>Responsable de la r\u00e9daction<\/strong> : Bernard ANCIAUX<\/h1>\n<h1><strong>H\u00e9bergeur de ce site :<\/strong>\u00a0 O.V.H. 2, rue Kellerman, 59100 ROUBAIX<\/h1>\n","protected":false},"excerpt":{"rendered":"<p>Ce site est celui de l&#8217;association A.S.P.V. (Association Pour la Sauvegarde du Patrimoine Veulais) Association agr\u00e9e pour l&#8217;urbanisme par d\u00e9cision pr\u00e9fectorale du 15 juin 2007 Notre si\u00e8ge social est domicili\u00e9 Mairie de Veules les Roses, 7 rue du Dr. Michel 76980 VEULES les ROSES Notre adresse postale est : 10, R\u00e9sidence du Val 76980 VEULES &hellip; <\/p>\n<p class=\"link-more\"><a href=\"https:\/\/aspv-veules.fr\/?page_id=237\" class=\"more-link\">Continue reading<span class=\"screen-reader-text\"> &#8220;Mentions l\u00e9gales&#8221;<\/span><\/a><\/p>\n","protected":false},"author":1,"featured_media":0,"parent":0,"menu_order":7,"comment_status":"closed","ping_status":"closed","template":"","meta":{"footnotes":""},"_links":{"self":[{"href":"https:\/\/aspv-veules.fr\/index.php?rest_route=\/wp\/v2\/pages\/237"}],"collection":[{"href":"https:\/\/aspv-veules.fr\/index.php?rest_route=\/wp\/v2\/pages"}],"about":[{"href":"https:\/\/aspv-veules.fr\/index.php?rest_route=\/wp\/v2\/types\/page"}],"author":[{"embeddable":true,"href":"https:\/\/aspv-veules.fr\/index.php?rest_route=\/wp\/v2\/users\/1"}],"replies":[{"embeddable":true,"href":"https:\/\/aspv-veules.fr\/index.php?rest_route=%2Fwp%2Fv2%2Fcomments&post=237"}],"version-history":[{"count":7,"href":"https:\/\/aspv-veules.fr\/index.php?rest_route=\/wp\/v2\/pages\/237\/revisions"}],"predecessor-version":[{"id":822,"href":"https:\/\/aspv-veules.fr\/index.php?rest_route=\/wp\/v2\/pages\/237\/revisions\/822"}],"wp:attachment":[{"href":"https:\/\/aspv-veules.fr\/index.php?rest_route=%2Fwp%2Fv2%2Fmedia&parent=237"}],"curies":[{"name":"wp","href":"https:\/\/api.w.org\/{rel}","templated":true}]}}